58*a**2 - 61*a - 167. Give x(-59).
-49
Let h(l) = l**2 + 103*l + 1219. Give h(-13).
49
Let z(g) = 16897*g**2 + 3632858*g + 646. Calculate z(-215).
1
Let i(h) = -h**3 + 1512*h**2 - 3140*h + 9338355. What is i(1514)?
3
Let b(s) = -303*s - 12056. Determine b(-50).
3094
Let x(m) = -m**2 - 10542*m + 529596. Determine x(50).
-4
Let a(j) = 9130*j - 155140. What is a(17)?
70
Let h(j) = j**3 - 280*j**2 - 2646*j + 19. What is h(-9)?
424
Let q(r) = 1579*r - 840038. Determine q(532).
-10
Let l(x) = 2*x**3 + 61*x**2 + 180*x - 28. Determine l(-3).
-73
Let x(o) = 62*o - 6719. Give x(112).
225
Let z(i) = -2*i**3 - 130*i**2 - 2279*i - 6520. What is z(-26)?
6
Let m(o) = -3*o**3 + 71*o**2 + 251*o + 7. Determine m(-5).
902
Let w(n) = 41*n**3 + 9*n**2 - 8*n - 196. Give w(-4).
-2644
Let f(r) = -21865*r - 371700. Give f(-17).
5
Let m(g) = -1635*g**2 + 86649*g + 291. Determine m(53).
-27
Let v(m) = -5141*m + 30775. What is v(6)?
-71
Let f(v) = 2*v**2 + 17*v - 102. Determine f(5).
33
Let r(c) = 50103*c + 49830. Calculate r(-1).
-273
Let c(r) = 3*r**2 - 1724*r - 15766. What is c(-9)?
-7
Let n(c) = c**3 + 6*c**2 + 844*c + 5021. Determine n(-6).
-43
Let j(t) = 10755*t - 75295. Calculate j(7).
-10
Let k(y) = 505924*y + 11636259. What is k(-23)?
7
Let u(d) = 488*d**2 - 1448*d - 31. What is u(3)?
17
Let k(f) = f**2 + 13437*f - 174846. Determine k(13).
4
Let d(c) = 78901*c - 473423. Give d(6).
-17
Let q(z) = -363*z - 117138. Calculate q(-323).
111
Let y(k) = 103*k - 10929. What is y(106)?
-11
Let q(h) = 629*h + 2063. What is q(-3)?
176
Let h(n) = 3121*n + 28204. Give h(-9).
115
Let s(f) = 4*f**2 + 247*f - 860. Determine s(-65).
-15
Let u(m) = -2*m**3 - 248*m**2 - 215*m - 26656. Determine u(-124).
4
Let b(z) = z**3 - 90*z**2 + 1124*z + 26. Determine b(75).
-49
Let x(f) = 790*f + 92406. Give x(-117).
-24
Let h(n) = -2105*n + 67379. What is h(32)?
19
Let c(v) = 7752*v + 38856. Calculate c(-5).
96
Let s(b) = -121*b**2 + 12*b - 28. Calculate s(2).
-488
Let n(g) = 583*g + 4311. Calculate n(-2).
3145
Let x(u) = 5*u**2 + 22135*u + 199112. Calculate x(-9).
302
Let u(y) = 1708*y - 44387. Determine u(26).
21
Let g(x) = 91*x**2 - 59*x + 1. What is g(4)?
1221
Let g(b) = -b**2 - 311*b + 9123. Determine g(-338).
-3
Let w(r) = -r**2 - 310*r - 23628. Calculate w(-179).
-179
Let r(j) = j**3 + 273*j**2 + 17126*j - 4194. What is r(-175)?
6
Let h(u) = 9988*u - 59918. Calculate h(6).
10
Let m(j) = -j**3 + 10*j**2 - 38*j + 144. Calculate m(10).
-236
Let l(c) = -6260*c + 1445991. Calculate l(231).
-69
Let x(j) = -2*j**2 + 44*j - 409. What is x(10)?
-169
Let i(j) = -j**2 + 15291*j - 137551. What is i(9)?
-13
Let z(f) = -1387619*f + 11100939. Calculate z(8).
-13
Let a(g) = -571*g**2 + 7954*g + 576. Give a(14).
16
Let b(r) = 16*r**2 + 1842*r + 277. Determine b(-115).
47
Let h(c) = 8*c**3 - 58*c**2 - 175*c + 460. What is h(9)?
19
Let c(r) = -r**3 + 124*r**2 - 1840*r + 211218. What is c(123)?
27
Let g(c) = 6*c**2 + 693*c + 2749. Calculate g(-4).
73
Let k(g) = 52334*g - 52232. Give k(1).
102
Let c(d) = -4*d**2 + 465*d + 3981. Determine c(124).
137
Let f(p) = -2*p**3 - 599*p**2 + 927*p + 7298. Determine f(-301).
74
Let c(x) = x**2 + 887*x + 15576. Calculate c(-18).
-66
Let l(i) = 3*i**3 - 33*i**2 - 17014*i - 286. What is l(-70)?
-6
Let b(r) = -r**3 + 71*r**2 + 159*r - 937. Give b(73).
12
Let d(b) = 382*b - 50413. What is d(132)?
11
Let i(m) = m**3 + 19*m**2 + 819*m + 9380. Determine i(-14).
-1106
Let v(g) = -129*g**2 + 48749*g + 4897. Give v(378).
-17
Let z(w) = w**3 + 57*w**2 - 100*w - 2385. What is z(-58)?
51
Let m(r) = -4363*r - 6186. Give m(-1).
-1823
Let m(l) = -21949*l - 110705. Calculate m(-5).
-960
Let z(q) = 53*q**3 - 301*q**2 + 11*q - 61. Calculate z(6).
617
Let x(h) = -h**3 + 138*h**2 - 774*h - 387. Calculate x(132).
1989
Let q(b) = -10*b**3 - 134*b**2 - 130*b - 59. Calculate q(-12).
-515
Let v(x) = 54*x**3 - 589*x**2 - x + 27. Calculate v(11).
621
Let y(q) = 5*q**3 - 429*q**2 + 679*q + 6469. Calculate y(84).
1
Let r(c) = -56616*c - 1585187. Determine r(-28).
61
Let d(h) = 97*h**2 - 464*h - 17. Determine d(3).
-536
Let w(g) = -g**3 - 3*g**2 - 1192*g - 7113. Calculate w(-6).
147
Let r(p) = p**2 + 390*p - 251572. Give r(-733).
-153
Let k(v) = 4*v**2 - 4543*v - 63624. Give k(-14).
762
Let g(w) = 397*w**3 + 9*w**2 + 21*w + 8. Give g(-1).
-401
Let g(x) = x**3 - 157*x**2 + 1320*x + 21. Determine g(9).
-87
Let u(a) = a**2 - 106*a - 2223. What is u(-20)?
297
Let u(s) = -s**3 - 10*s**2 + 374*s - 952. What is u(12)?
368
Let m(k) = -3*k**2 + 2672*k - 49651. Calculate m(19).
34
Let t(r) = -864*r**2 - 5198*r - 38. Give t(-6).
46
Let j(l) = l**3 + 101*l**2 - 26*l + 7173. What is j(-102)?
-579
Let g(j) = 807*j - 100091. What is g(124)?
-23
Let k(o) = 9714*o + 97150. Give k(-10).
10
Let x(h) = 1211*h - 10883. Give x(9).
16
Let v(q) = -52829*q - 22. Calculate v(0).
-22
Let q(l) = -l**3 - 22*l**2 + 422*l + 8697. Calculate q(-25).
22
Let m(k) = -20853*k - 62485. Determine m(-3).
74
Let y(m) = -4535*m - 358315. Give y(-79).
-50
Let k(s) = 2*s**3 - 10*s**2 + 81*s - 400. What is k(5)?
5
Let c(a) = -86415*a - 345674. Determine c(-4).
-14
Let c(o) = -12*o**2 + 379*o - 89. What is c(35)?
-1524
Let m(v) = -2*v**3 + 276*v**2 - 1072*v + 405. Calculate m(134).
405
Let n(g) = 9*g**2 + 774*g + 8529. Determine n(-73).
-12
Let m(c) = 1023*c - 59283. Calculate m(58).
51
Let g(m) = -11*m**3 + 1767*m**2 + 9796*m - 319. What is g(166)?
13
Let j(w) = w**3 - 30*w**2 - 4956*w + 152681. Give j(31).
6
Let z(i) = -3*i**3 - 6*i**2 - 614*i - 2431. What is z(-4)?
121
Let c(x) = 19*x**2 - 567*x + 4049. Determine c(18).
-1
Let v(i) = -i**3 - 75*i**2 - 213*i + 225. What is v(-72)?
9
Let s(y) = -2388*y - 3006. What is s(-1)?
-618
Let m(x) = -x**3 + 35*x**2 - 300*x + 353. What is m(19)?
429
Let s(x) = 17*x**2 - 16023*x + 337088. Give s(921).
2
Let o(y) = 4*y**3 + 43*y**2 + 231*y + 825. Calculate o(-7).
-57
Let r(v) = 13420*v - 214717. Calculate r(16).
3
Let g(d) = 27034*d - 54125. Determine g(2).
-57
Let p(v) = -v**3 - 49*v**2 + 589*v - 414. Calculate p(-59).
-355
Let w(x) = -x**2 - 96*x + 6336. What is w(-129)?
2079
Let u(d) = 3905*d + 19704. Give u(-5).
179
Let h(b) = 3878*b + 63444. Determine h(-17).
-2482
Let j(x) = -x**2 + 186*x + 62046. Determine j(359).
-61
Let m(f) = f**2 - 2266*f - 111094. What is m(-48)?
-22
Let b(r) = r**2 - 562*r - 71148. Give b(-106).
-340
Let p(o) = -4*o**2 - 57*o + 338. Calculate p(0).
338
Let j(n) = 3*n**3 - 689*n**2 - 3424*n - 8. Give j(-5).
-488
Let z(i) = -245*i + 16837. Give z(59).
2382
Let q(f) = f**3 - 22*f**2 - 143*f + 3682. Calculate q(22).
536
Let a(z) = 1611*z - 24960. What is a(15)?
-795
Let a(o) = -61900*o + 123662. Determine a(2).
-138
Let m(u) = u**3 - 18*u**2 + 472*u - 10269. Give m(21).
966
Let q(m) = -5*m**2 + 450*m + 10358. Determine q(109).
3
Let y(u) = -10*u**3 - 24*u**2 - 220*u - 434. Determine y(-2).
-10
Let r(d) = -340313*d - 3403114. What is r(-10)?
16
Let i(c) = 198234*c + 1387631. Calculate i(-7).
-7
Let w(v) = 1833*v - 1699138. Give w(927).
53
Let b(o) = -9*o**2 + 1556*o - 9000. Determine b(6).
12
Let k(a) = a**2 - 1830*a + 49608. Give k(28).
-848
Let l(m) = -59317*m - 1720196. Determine l(-29).
-3
Let f(p) = p**3 - 701*p**2 - 8273*p - 16958. What is f(-9)?
-11
Let r(l) = 2575*l - 74669. Calculate r(29).
6
Let m(f) = -f**3 + 40*f**2 + 1618*f - 128. Give m(-25).
47
Let t(u) = u**3 + 17*u**2 + 38*u + 92. What is t(-10)?
412
Let i(l) = 1668*l**2 + 13351*l - 19. What is i(-8)?
-75
Let s(j) = 2182*j + 479847. Give s(-220).
-193
Let g(l) = -4*l**3 + 46*l**2 + 186*l + 167. Give g(-2).
11
Let h(q) = 37*q**2 - 90264*q - 90267. Calculate h(-1).
34
Let d(k) = -40*k**2 + 2123*k - 195. What is d(53)?
-36
Let r(k) = 152104*k + 1825488. Determine r(-12).
240
Let i(j) = 6361874*j - 3. Calculate i(0).
-3
Let u(p) = -2679*p - 246458. What is u(-92)?
10
Let i(x) = 20*x**2 - 214*x - 2602. Give i(18).
26
Let h(o) = -2*o**2 - 154*o + 3601. What is h(17)?
405
Let q(n) = 1796*n - 2598. Calculate q(1).
-802
Let w(s) = 8534*s - 256082. Calculate w(30).
-62
Let b(m) = 31*m**3 + m**2 + 31*m + 54. Give b(-2).
-252
Let l(f) = -f**3 - 45*f**2 - 239*f + 322. Calculate l(-38).
-704
Let t(m) = m**2 + 6267*m + 18805. Determine t(-3).
13
Let y(l) = -2*l**2 + 47*l - 7. Calculate y(21).
98
Let v(d) = -10*d**2 - 47*d +